{"id":87,"date":"2024-10-26T06:57:51","date_gmt":"2024-10-26T06:57:51","guid":{"rendered":"https:\/\/cenanbicakci.net\/?page_id=87"},"modified":"2024-10-26T09:09:27","modified_gmt":"2024-10-26T09:09:27","slug":"cenan-abi","status":"publish","type":"page","link":"https:\/\/cenanbicakci.net\/?page_id=87","title":{"rendered":"&#8220;Cenan Abi&#8230; &#8220;"},"content":{"rendered":"\n<figure class=\"wp-block-table\"><table><tbody><tr><td>\u00a0 <strong><em>Erden AKBULUT<\/em><\/strong> &#8211; inadina.com &#8211; <br><br>Cenan abiyi ilk tan\u0131mam 1974 y\u0131l\u0131 ba\u015flar\u0131yd\u0131. Daha 12 Mart karanl\u0131\u011f\u0131ndan \u00e7\u0131kmam\u0131\u015ft\u0131k. Ankara&#8217;da ilk grev Tepe Mobilya Fabrikas\u0131&#8217;nda ba\u015flam\u0131\u015ft\u0131. Bu fabrika i\u015f\u00e7ilerinin kurdu\u011fu AS\u0130S (A\u011fa\u00e7 E\u015fya \u0130\u015f\u00e7ileri Sendikas\u0131) y\u00fcr\u00fct\u00fcyordu grevi. Grevci i\u015f\u00e7iler ayn\u0131 zamanda sendika y\u00f6neticisiydi; an\u0131msad\u0131\u011f\u0131m kadar\u0131yla, Kemal Usta Genel Ba\u015fkan Yard\u0131mc\u0131s\u0131, Parmaks\u0131z Muzaffer Genel Sekreter&#8217;di, bir de Chevrolet sahibi yan\u0131lm\u0131yorsam Halis Aga vard\u0131, yine Genel Ba\u015fkan Yard\u0131mc\u0131s\u0131. \u0130\u015f\u00e7ilerin \u00e7o\u011fu Beytepe k\u00f6yl\u00fcs\u00fcyd\u00fc. Fabrika, Hacettepe \u00dcniversitesi&#8217;ne aitti; Eski\u015fehir yolunda Yem Fabrikas\u0131 sapa\u011f\u0131ndan gidilen bu k\u00f6y\u00fcn eteklerindeydi. \u0130\u015fte bu yar\u0131 k\u00f6yl\u00fc i\u015f\u00e7ilerin kurdu\u011fu AS\u0130S sendikas\u0131n\u0131n genel ba\u015fkan\u0131yd\u0131 Cenan abi ben tan\u0131d\u0131\u011f\u0131mda. Erken kararm\u0131\u015f bir k\u0131\u015f g\u00fcn\u00fcnde kara sar\u0131 duvarl\u0131 Bas\u0131n-\u0130\u015f sendikas\u0131n\u0131n R\u00fczgarl\u0131 Sokak&#8217;taki Ankara \u015eubesi&#8217;nde grevcilerle konu\u015fuyordu.\u00a0<br><br>Biz i\u015f\u00e7i s\u0131n\u0131f\u0131na bilin\u00e7 ta\u015f\u0131maya a\u00e7 gen\u00e7 devrimciler, Ankara&#8217;da grev olunca elbette yerimizde duramaz olmu\u015f, durumdan vazife \u00e7\u0131karm\u0131\u015f, nas\u0131l bu i\u015fe dahil oluruz diye sendikaya gitmi\u015ftik. Kimseyi tan\u0131m\u0131yorduk; tan\u0131\u015ft\u0131k; \u00f6nce Cenan abiyle, sonra Alev abiyle (Alev Ate\u015f ile)&#8230; Meram\u0131m\u0131z\u0131 anlatt\u0131k; greve destek vermek istiyoruz, \u00e7ad\u0131rda kalabilir miyiz, sendikaya gelebilir miyiz, vb&#8230; O g\u00fcnler i\u00e7in olduk\u00e7a \u00f6nemli sorulara muhatap olmad\u0131k: Kimsiniz, yani hangi siyasettensiniz? B\u00fcy\u00fck bir h\u00fcsn\u00fc kabulle b\u00fct\u00fcn kap\u0131lar \u00f6n\u00fcm\u00fczde a\u00e7\u0131ld\u0131.\u00a0<br><br>Tepe Mobilya grev \u00e7ad\u0131r\u0131nda yatar kalkar olduk. Grev n\u00f6bet\u00e7ileriyle sohbet ediyor. Fabrikaya mal giri\u015f \u00e7\u0131k\u0131\u015f\u0131n\u0131 engellemeye, az say\u0131da grev k\u0131r\u0131c\u0131y\u0131 a\u015fa\u011f\u0131lamaya (!) \u00e7al\u0131\u015f\u0131yoruz. Ankara&#8217;n\u0131n k\u0131\u015f\u0131, hele Beytepe&#8217;de kendini enim konum hissettirse de, K\u0131z\u0131lay \u00e7ad\u0131r\u0131 i\u00e7inde odun sobam\u0131z g\u00fcr\u00fcl g\u00fcr\u00fcl yan\u0131yor. Yuvarlak k\u00f6y ekme\u011fi k\u0131zart\u0131l\u0131p Sana ya\u011f\u0131 emdirildikten, tuz ve k\u0131rm\u0131z\u0131 biberle \u00e7e\u015fnilendirilip afiyetle yendikten sonra gelsin \u00e7aylar, gitsin sohbetler. Bir de Cenan abi u\u011fram\u0131\u015fsa yeni haber var demektir, keyifler keka. \u0130\u015fte b\u00f6yle g\u00fcnler ve geceler ge\u00e7erken, bir gece fabrika m\u00fcd\u00fcrlerinden Ahmet Bey (Kemal Usta&#8217;n\u0131n grev mar\u015f\u0131 olan t\u00fcrk\u00fcs\u00fcnde ad\u0131 hay\u0131rla an\u0131lmayan Ahmet Bey) yan\u0131nda \u00fc\u00e7-be\u015f u\u015fa\u011f\u0131yla grev \u00e7ad\u0131r\u0131m\u0131z\u0131 basmaya kalkt\u0131. \u00c7ad\u0131r ipleri kesildi\u011finden ve \u00e7ad\u0131rda soba yand\u0131\u011f\u0131ndan \u00e7abam\u0131z b\u00f6l\u00fcnd\u00fc, gereken miktarda daya\u011f\u0131 atamad\u0131k ve Cenan abiden ilk f\u0131r\u00e7ay\u0131 yedik.\u00a0<br><br>Bu arada sendikaya, yine R\u00fczgarl\u0131 Sokak&#8217;ta Bas\u0131n-\u0130\u015f&#8217;in binas\u0131na kom\u015fu bir genel merkez tutulmu\u015ftu. Tahta s\u0131ralar\u0131yla salonu, herkes kullansa da bir Genel Ba\u015fkan odas\u0131 ve hemen yan\u0131nda o s\u0131ralar sendikan\u0131n da avukatl\u0131\u011f\u0131n\u0131 yapan Fehmi \u00c7am&#8217;\u0131n ba\u011f\u0131ms\u0131z odas\u0131 vard\u0131. Cenan abi her sabah sendikaya geldi\u011finde gazetelere \u015f\u00f6yle bir bakar ve mutlaka bir bas\u0131n a\u00e7\u0131klamas\u0131 yazard\u0131. Kimi zaman AS\u0130S ile, kimi zaman sendikalar ile, kimi zaman ise politika ile ilgili olurdu a\u00e7\u0131klamas\u0131. \u015eimdilerde kimilerince garipsense de, her g\u00fcn bir siyasal tutum al\u0131r ve ilan ederdi. O s\u0131ralar Ankara&#8217;da yay\u0131mlanan Yeni Halk\u00e7\u0131 vb. yerel gazetelerde de genellikle yank\u0131lan\u0131rd\u0131 bu tutum al\u0131\u015f. Kalemi sa\u011f elinin i\u015faret parma\u011f\u0131 ile orta parma\u011f\u0131 aras\u0131ndan sokup ba\u015f parma\u011f\u0131yla destekleyerek ve olduk\u00e7a k\u00fc\u00e7\u00fck harflerle d\u00fczg\u00fcn bir yaz\u0131 ak ka\u011f\u0131da d\u00f6k\u00fcl\u00fcrken, a\u011fz\u0131ndan eksik etmedi\u011fi a\u011f\u0131zl\u0131\u011f\u0131yla da sigaras\u0131n\u0131 tellendirirdi.\u00a0 1 May\u0131s geliyordu, Tepe Mobilya&#8217;da grev vard\u0131 ve biz sendikan\u0131n gazetesini \u00e7\u0131kartmaya karar vermi\u015ftik. Sahibi AS\u0130S Sendikas\u0131 ad\u0131na Cenan B\u0131\u00e7ak\u00e7\u0131, bize \u00f6ylesine g\u00fcvendi ki, tek bir yaz\u0131s\u0131n\u0131 bile \u00f6nceden okumaya, denetlemeye gerek duymad\u0131. Ve ilk say\u0131, ba\u015fl\u0131\u011f\u0131 serigrafide, yaz\u0131lar\u0131 teksirde bas\u0131lm\u0131\u015f olarak, 1 May\u0131s 1974&#8217;te \u00fc\u00e7\u00fcnc\u00fc hamur ka\u011f\u0131da, 300 adet bas\u0131ld\u0131. An\u0131msad\u0131\u011f\u0131m kadar\u0131yla ELKA grevi s\u0131ras\u0131nda 1 May\u0131s gazetesinin bir say\u0131s\u0131 T\u00d6B-DER mitinglerinde dayan\u0131\u015fma i\u00e7in sat\u0131lmak \u00fczere 20 bin adet bas\u0131lm\u0131\u015ft\u0131. Matbaaya 12 bin 500 TL borcu vard\u0131 ve hala da duruyor san\u0131r\u0131m&#8230;<br><br>Tepe Mobilya grevi bitti, Ankara&#8217;da DOMSAN \u00f6rg\u00fctlendi ve toplu s\u00f6zle\u015fmesi yap\u0131ld\u0131. Bitimiz kanlanm\u0131\u015ft\u0131. Ankara iyi de, esas i\u015f\u00e7i kitlesi \u0130stanbul&#8217;da. Bu s\u00fcre\u00e7te \u0130stanbul&#8217;daki arkada\u015flara 1 May\u0131s gazetelerini g\u00f6nderiyordum. Yunus&#8217;taki SUNTA ve Kaynarca&#8217;daki ELKA fabrikalar\u0131na bir bi\u00e7imde gazetenin ula\u015ft\u0131r\u0131lmas\u0131na \u00e7al\u0131\u015f\u0131yorduk. Cenan abiye, AS\u0130S&#8217;i \u0130stanbul&#8217;da \u00f6rg\u00fctlemek istiyoruz dedim. G\u00f6zlerinin i\u00e7i \u0131\u015f\u0131d\u0131. B\u00f6yle ba\u015flad\u0131 Kartal Kaplama, Sunta ve Elka \u00f6rg\u00fctlenmeleri, Alev abiyle saat 5&#8217;te uyand\u0131r\u0131l\u0131p ilk trenle Yunus&#8217;a ta\u015f\u0131nmalar\u0131m\u0131z. Cenan abi bir efsaneydi \u0130stanbul i\u015f\u00e7ileri i\u00e7in. Bir t\u00fcr K\u00f6ro\u011flu, nam\u0131 y\u00fcr\u00fcm\u00fc\u015f. \u0130lk genel toplant\u0131da i\u015f\u00e7ilere seslendi\u011finde \u0130stanbullu a\u011fa\u00e7 i\u015f\u00e7ileri de, O&#8217;na g\u00fcvenmekle yan\u0131lmad\u0131klar\u0131n\u0131 g\u00f6rd\u00fcler. \u0130zleyen s\u00fcre\u00e7teki t\u00fcm m\u00fccadelelerde oldu\u011fu gibi.<br><br>ELKA&#8217;da grev ba\u015flayacakt\u0131. Biz siyaseten kayg\u0131l\u0131yd\u0131k bu s\u00fcre\u00e7ten. Ad\u0131n\u0131 \u015fimdi anmak istemedi\u011fim bir arkada\u015fla birlikte Cenan abiyle Kad\u0131k\u00f6y&#8217;de eski Evlendirme Dairesi yan\u0131ndaki \u00e7ay bah\u00e7esinde ak\u015fam saatinde oturduk. Mali durumumuz elvermiyorsa maceraya girmeyelim, anla\u015fma yollar\u0131 arayal\u0131m, falan dedik. AS\u0130S&#8217;in bir ilkesi vard\u0131, toplu s\u00f6zle\u015fme b\u00fct\u00fcn i\u015f\u00e7ilerin kat\u0131l\u0131m\u0131yla yap\u0131lacak, kapal\u0131 kap\u0131lar ard\u0131nda s\u00f6zle\u015fme olmayacak diye. (Bu ne kadar b\u00f6yleydi, b\u00f6yle uyguland\u0131, konumuz de\u011fil.) ELKA i\u015fvereni, yani Ko\u00e7 daha bu noktada hay\u0131r demi\u015f, s\u00f6zle\u015fme g\u00f6r\u00fc\u015f\u00fclmeden uyu\u015fmazl\u0131k tutana\u011f\u0131 tutulmu\u015ftu. \u0130\u015fte greve b\u00f6yle ba\u015flan\u0131yordu. Kimi ba\u015fka s\u0131k\u0131nt\u0131lar da vard\u0131. S\u00f6z\u00fcn k\u0131sas\u0131 benim AS\u0130S&#8217;te Cenan abiyle birlikteli\u011fim o ak\u015fam bitti, yollar ayr\u0131ld\u0131. Uzun s\u00fcre o k\u00fc\u00e7\u00fck cep defterinden notlar aktard\u0131 bana, nas\u0131l dayan\u0131\u015fma sa\u011flayabilece\u011fimiz, i\u015fverenin greve uzun s\u00fcre dayanamayaca\u011f\u0131 vb. hakk\u0131nda. Belki ben ikna olmaya yatk\u0131n de\u011fildim, belki o yorgundu. Yolumuz ayr\u0131ld\u0131, ama kar\u015f\u0131l\u0131kl\u0131 sayg\u0131 ve sevgimiz hi\u00e7 t\u00fckenmedi y\u0131llar boyunca. En son BSP&#8217;nin kongresinde Ankara&#8217;da g\u00f6rd\u00fcm, bulu\u015fmak \u00fczere s\u00f6zle\u015ftik. Olmad\u0131&#8230;\u00a0<br><br>S\u0131n\u0131f d\u00fc\u015fmanlar\u0131na a\u011f\u0131z dolusu s\u00f6vmeyi, her Adanal\u0131 gibi b\u0131y\u0131klar\u0131 ile \u00f6\u011f\u00fcnmeyi, \u00f6nce g\u00f6zlerinin i\u00e7i, sonra y\u00fcz\u00fcyle y\u00fcrekten g\u00fclmeyi ve insanlara g\u00fcvenmeyi severdi. Biz de onu b\u00f6yle severdik.<br><br><\/td><\/tr><tr><td>&nbsp;<\/td><\/tr><\/tbody><\/table><\/figure>\n","protected":false},"excerpt":{"rendered":"<p>\u00a0 Erden AKBULUT &#8211; inadina.com &#8211; Cenan abiyi ilk tan\u0131mam 1974 y\u0131l\u0131 ba\u015flar\u0131yd\u0131. Daha 12 Mart karanl\u0131\u011f\u0131ndan \u00e7\u0131kmam\u0131\u015ft\u0131k. Ankara&#8217;da ilk grev Tepe Mobilya Fabrikas\u0131&#8217;nda ba\u015flam\u0131\u015ft\u0131. Bu fabrika i\u015f\u00e7ilerinin kurdu\u011fu AS\u0130S (A\u011fa\u00e7 E\u015fya \u0130\u015f\u00e7ileri Sendikas\u0131) y\u00fcr\u00fct\u00fcyordu grevi. Grevci i\u015f\u00e7iler ayn\u0131 zamanda sendika y\u00f6neticisiydi; an\u0131msad\u0131\u011f\u0131m kadar\u0131yla, Kemal Usta Genel Ba\u015fkan Yard\u0131mc\u0131s\u0131, Parmaks\u0131z Muzaffer Genel Sekreter&#8217;di, bir de [&hellip;]<\/p>\n","protected":false},"author":1,"featured_media":0,"parent":0,"menu_order":0,"comment_status":"closed","ping_status":"closed","template":"","meta":[],"_links":{"self":[{"href":"https:\/\/cenanbicakci.net\/index.php?rest_route=\/wp\/v2\/pages\/87"}],"collection":[{"href":"https:\/\/cenanbicakci.net\/index.php?rest_route=\/wp\/v2\/pages"}],"about":[{"href":"https:\/\/cenanbicakci.net\/index.php?rest_route=\/wp\/v2\/types\/page"}],"author":[{"embeddable":true,"href":"https:\/\/cenanbicakci.net\/index.php?rest_route=\/wp\/v2\/users\/1"}],"replies":[{"embeddable":true,"href":"https:\/\/cenanbicakci.net\/index.php?rest_route=%2Fwp%2Fv2%2Fcomments&post=87"}],"version-history":[{"count":2,"href":"https:\/\/cenanbicakci.net\/index.php?rest_route=\/wp\/v2\/pages\/87\/revisions"}],"predecessor-version":[{"id":175,"href":"https:\/\/cenanbicakci.net\/index.php?rest_route=\/wp\/v2\/pages\/87\/revisions\/175"}],"wp:attachment":[{"href":"https:\/\/cenanbicakci.net\/index.php?rest_route=%2Fwp%2Fv2%2Fmedia&parent=87"}],"curies":[{"name":"wp","href":"https:\/\/api.w.org\/{rel}","templated":true}]}}