{"id":53,"date":"2024-10-26T05:56:31","date_gmt":"2024-10-26T05:56:31","guid":{"rendered":"https:\/\/cenanbicakci.net\/?page_id=53"},"modified":"2024-10-26T05:56:31","modified_gmt":"2024-10-26T05:56:31","slug":"televizyonda-yaptigi-ilk-konusma","status":"publish","type":"page","link":"https:\/\/cenanbicakci.net\/?page_id=53","title":{"rendered":"Televizyonda yapt\u0131\u011f\u0131 ilk konu\u015fma"},"content":{"rendered":"\n<figure class=\"wp-block-table\"><table><tbody><tr><td>\u00a0 <strong>14 Ekim 1979&#8217;da Senato se\u00e7imleri dolay\u0131s\u0131yla, Sosyalist Devrim Partisi Genel Ba\u015fkan\u0131 olarak televizyonda yapt\u0131\u011f\u0131 ilk konu\u015fma.<\/strong> <br><br> \u0130\u015f\u00e7iler, K\u00f6yl\u00fcler, Emek\u00e7iler! Arkada\u015flar\u0131m, Her parti \u201coyunu bana ver, T\u00fcrkiye&#8217;yi ben kurtaraca\u011f\u0131m\u201d dedi\u011fine g\u00f6re, T\u00fcrkiye zor durumda. T\u00fcrkiye&#8217;nin zor durumda oldu\u011fu do\u011fru ama, neden bu duruma geldik? Bunu hi\u00e7 kimse s\u00f6ylemiyor. \u00dclkemiz bu duruma 200 y\u0131ldan beri uygulanan kapitalist sistemden dolay\u0131 geldi. Ta Osmanl\u0131 \u0130mparatorlu\u011fundan beri. Biliyorsunuz Osmanl\u0131 \u0130mparatorlu\u011fu bu nedenden dolay\u0131 batt\u0131. Cumhuriyetten sonra da kapitalist yolla kalk\u0131nma sevdas\u0131na d\u00fc\u015f\u00fcld\u00fc. Hele 1947&#8217;de CHP&#8217;nin Amerika&#8217;yla yapt\u0131\u011f\u0131 ilk anla\u015fmayla bu kez d\u0131\u015fa ba\u011f\u0131ml\u0131 kapitalist sistemin yolu a\u00e7\u0131ld\u0131. Ondan sonra gelen Bayarlar, Menderesler, Demireller, 12 Mart h\u00fck\u00fcmetleri, \u0130n\u00f6n\u00fcl\u00fc \u0130n\u00f6n\u00fcs\u00fcz koalisyonlar hepsi ayn\u0131 yolu izlediler. Bunlar\u0131n birbirlerine sald\u0131rmalar\u0131na bak\u0131p ayr\u0131 parti olduklar\u0131n\u0131 sanmay\u0131n. Hepsi kapitalist partiler. Hepsi ayn\u0131 yolu izleyen partiler. Adalet Partisi sermayenin ba\u015f dostu, Amerikanc\u0131 bir partidir. \u201cBor\u00e7 yi\u011fidin kam\u00e7\u0131s\u0131\u201d tekerlemesiyle ald\u0131\u011f\u0131 dolarlar\u0131 zengin kasalar\u0131na aktar\u0131r. Bu arada e\u015fi dostu da ihmal etmez.<br><br>Konu\u015fmalar\u0131na bakarak Cumhuriyet Halk Partisi&#8217;ni, Adalet Partisi&#8217;nden ayr\u0131 bir partiymi\u015f gibi zannedersiniz. Hay\u0131r o da ayn\u0131. 1977 se\u00e7imlerinde Ecevit, \u201cDemirel d\u0131\u015f devletlere kar\u015f\u0131 itibar\u0131n\u0131 yitirdi. Bor\u00e7 para alamaz. Ben gelirsem \u00e7ok rahat bor\u00e7 para al\u0131r\u0131m\u201d diyerek iktidara geldi. O zamandan koymu\u015ftu kafas\u0131na bor\u00e7la ya\u015famay\u0131. Bildi\u011finiz gibi, ba\u015fbakan olur olmaz da kap\u0131 kap\u0131 dola\u015ft\u0131, Amerika, Rusya demeden bir dolara bin takla att\u0131. Ve biliyorsunuz, sonradan IMF&#8217;ye boyun e\u011fmekten kurtulamad\u0131.<br><br>Erbakan&#8217;\u0131n partisi mi kapitalist olmayan parti? O da ayn\u0131. O da Amerika&#8217;yla, Avrupa&#8217;yla uzakla\u015fal\u0131m ama Arap petrol krallar\u0131n\u0131n emrinde bir \u0130slam kapitalizmine gidelim diyor. Kapitalizmle kalk\u0131nmaya \u00e7al\u0131\u015fmak atla denizi ge\u00e7meye benzer. Sonunda mutlaka bo\u011fulursunuz. \u0130\u015fte T\u00fcrkiye bu durumda.<br><br>\u00dclkemizde cinayetlerin i\u015flenmesinin nedeni de ter\u00f6r\u00fcn kan\u0131n nedeni de d\u0131\u015fa ba\u011f\u0131ml\u0131 kapitalizmdir. Amerika bizi, \u00fclkemizi elinden b\u0131rakmak istemiyor. \u00c7\u00fcnk\u00fc T\u00fcrkiye elinde kald\u0131k\u00e7a Ortado\u011fu&#8217;daki egemenli\u011fini daha kolay s\u00fcrd\u00fcrecektir de ondan. Bu nedenle Amerika \u00fclkemizde her t\u00fcrl\u00fc melaneti i\u015flemekten geri kalm\u0131yor.<br><br>Biliyorsunuz, Adalet Partisi&#8217;nin eski D\u0131\u015fi\u015fleri Bakanlar\u0131ndan \u00c7a\u011flayangil, Amerika devlet kademelerimize kadar s\u0131zd\u0131 dedi. D\u00fc\u015f\u00fcnebiliyor musunuz D\u0131\u015fi\u015fleri Bakan\u0131n\u0131n a\u011fz\u0131ndan \u00e7\u0131kan bu c\u00fcmleler T\u00fcrkiye&#8217;nin ne zor durumda oldu\u011funu kolayca a\u00e7\u0131klayabiliyor. \u0130\u00e7inde bulundu\u011fumuz bu bunal\u0131m, fa\u015fist y\u00f6ntemlerle \u00e7al\u0131\u015fan MHP&#8217;yi yaratt\u0131. Fa\u015fistler T\u00fcrk ideolojisini, T\u00fcrk milliyet\u00e7ili\u011fini yaymak isteyen bir partide ve bu, milliyet\u00e7ili\u011fi ba\u015fka \u00fclkelerin halklar\u0131n\u0131 boyunduru\u011fu alt\u0131na alarak aymak isteyen bir parti. Fa\u015fistler, Araplar\u0131, K\u00fcrtleri, Lazlar\u0131, \u00c7erkezleri yurt d\u0131\u015f\u0131na \u00e7\u0131kar\u0131p ve t\u00fcm d\u00fcnya T\u00fcrklerini bir arada toplaman\u0131n ham hayali i\u00e7indeler. Fa\u015fistler, d\u00fc\u015f\u00fcnd\u00fckleri d\u00fczenin, kendi yaratt\u0131klar\u0131 bir ba\u015fbu\u011fun g\u00fcc\u00fcyle yerle\u015febilece\u011fine inanacak kadar ak\u0131l fukaras\u0131 yarat\u0131klard\u0131r.<br><br>Kapitalist sistemde y\u00f6neticilik sadece paras\u0131 olanlar\u0131n hakk\u0131d\u0131r. Milletvekillerine bak\u0131n. \u0130\u015f\u00e7i var m\u0131, k\u00f6yl\u00fc var m\u0131? Senatoya bak\u0131n, i\u015f\u00e7i k\u00f6yl\u00fc var m\u0131? \u0130stedi\u011fin kadar namuslu ol. \u0130stedi\u011fin kadar bilgili, cesur, y\u00fcrekli ol. \u0130stedi\u011fin kadar yurdunu, halk\u0131n\u0131 sev. Para etmez. \u0130\u015f\u00e7iysen, k\u00f6yl\u00fcysen, emek\u00e7iysen senat\u00f6r olamazs\u0131n. \u00c7\u00fcnk\u00fc senat\u00f6r olabilmek i\u00e7in illa da y\u00fcksek \u00f6\u011frenim yapman gerek. Kim yap\u0131yor y\u00fcksek \u00f6\u011frenimi? \u00dcniversitelerde okuyanlar\u0131n on binde biri bile halk m\u0131? Hay\u0131r de\u011fil. \u00d6yleyse bu meclis kap\u0131lar\u0131n\u0131 kanun zoruyla halka kapam\u0131\u015f bir meclistir. Bu meclis mutlaka kapat\u0131lmal\u0131d\u0131r. Ve Anayasa de\u011fi\u015fikli\u011fi, d\u0131\u015f \u00fclkelerle yap\u0131lacak anla\u015fmalar, b\u00fct\u00e7e kanunu ve di\u011fer \u00f6nemli kanunlar meclisten ge\u00e7tikten sonra halk\u0131n oyuna sunulup ondan sonra uygulamaya konulmal\u0131d\u0131r.<br><br>Anayasan\u0131n 12. maddesine ra\u011fmen kapitalist partiler vatanda\u015flar aras\u0131nda dil, din, \u0131rk, mezhep ayr\u0131m\u0131 g\u00fcderler. B\u00f6lgecilik g\u00fcderler. Ve do\u011fu b\u00f6lgemizin bu kadar ihmal edilmesinin nedeni bu d\u0131\u015fa ba\u011f\u0131ml\u0131 kapitalist sistemdir. Okulsuz, susuz, e\u011fitim ve sa\u011fl\u0131k olanaklar\u0131ndan yoksun bir do\u011fu b\u00f6lgesi, \u00f6n\u00fcm\u00fczde koskocaman bir kara tablo gibidir. Kapitalizmin nimetlerinden yararlananlar kendi menfaatleri i\u00e7in halk\u0131 Alevi S\u00fcnni diye ay\u0131r\u0131p ortal\u0131\u011f\u0131 kana bulamaktan \u00e7ekinmezler.<br><br>Kapitalist d\u00fczende insanlar n\u00fcfus c\u00fczdanlar\u0131na g\u00f6re de\u011fil, banka c\u00fczdanlar\u0131na g\u00f6re vatanda\u015f say\u0131l\u0131rlar. E\u011fer tarlan\u0131 zapteden, k\u0131z\u0131n\u0131 ka\u00e7\u0131ran adam zenginse karakolda sen haks\u0131zs\u0131n. E\u011fer hastane koridorlar\u0131ndan, devlet kap\u0131lar\u0131ndan kovuluyorsan fakirli\u011fin y\u00fcz\u00fcndendir. Evin yoksa, topraks\u0131zsan, yeti\u015ftirdi\u011fin hayvanlar\u0131n s\u00fct\u00fcn\u00fc, ya\u011f\u0131n\u0131 sat\u0131p a\u011falara otlakiye paras\u0131 olarak \u00f6d\u00fcyorsan bu d\u00fczen y\u00fcz\u00fcndendir. Tuttu\u011fun bal\u0131\u011f\u0131, yeti\u015ftirdi\u011fin mahsul\u00fc bu d\u00fczen komisyonculara kapt\u0131r\u0131yor. \u00d6\u011fretmenin, memurun a\u00e7 kalmas\u0131 sonucunda sokakta simit satmas\u0131n\u0131n, su satmas\u0131n\u0131n nedeni bu d\u00fczendir. S\u0131rt\u0131ndan milyonlar kazand\u0131\u011f\u0131 i\u015f\u00e7isini a\u00e7 b\u0131rakanlar\u0131n d\u00fczenidir bu. Bu d\u00fczende kad\u0131n insandan say\u0131lmaz. Hele \u00e7al\u0131\u015fan kad\u0131n. Tarlada ekin bi\u00e7en, fabrikalarda ter d\u00f6ken, evinde \u00e7ocu\u011funa bakan, zengin evlerinde hizmet\u00e7ilik yapan kad\u0131nlar insandan say\u0131lmaz da, i\u015fi g\u00fcc\u00fc gezip tozmak, allan\u0131p pullanmak olan kad\u0131nlar daha \u00fcst\u00fcn g\u00f6r\u00fcl\u00fcrler. \u0130nsanca bir d\u00fczen mi bu? Bu d\u00fczeni b\u0131rak\u0131n kalk\u0131nmak, ancak bir \u00fclkeyi bat\u0131rmak i\u00e7in se\u00e7mek m\u00fcmk\u00fcn. Bu d\u00fczeni uygulamakta inat eden partiler birbirine enkaz devretmeyi \u015f\u00f6yle b\u0131raks\u0131nlar, T\u00fcrkiye ekonomisinin ve T\u00fcrkiye demokrasisinin cenazesini birbirlerine devretmekten kurtulamayacaklard\u0131r.<br><br>Milyonlarca i\u015f\u00e7i, milyonlarca k\u00f6yl\u00fc, i\u015f bulma kap\u0131lar\u0131nda s\u0131ra tutan milyonlarca i\u015fsiz vatanda\u015f, milyonlarca emek\u00e7i; \u015funu bilesiniz ki kapitalist d\u00fczeni y\u0131k\u0131p sosyalizme ge\u00e7medik\u00e7e kurtulu\u015f yok. Evet, tek kurtulu\u015f sosyalizm. Ama hangi sosyalizm? Biliyorsunuz T\u00fcrkiye&#8217;de sosyalist oldu\u011funu s\u00f6yleyen bir\u00e7ok partiler, bir\u00e7ok gruplar var. Bunlardan bir b\u00f6l\u00fcm\u00fc Sovyet yanl\u0131s\u0131d\u0131r. Bir ba\u015fka b\u00f6l\u00fcm\u00fc \u00c7in yanl\u0131s\u0131. Sakl\u0131s\u0131 gizlisi yok. Yazd\u0131klar\u0131 yaz\u0131lar, verdikleri deme\u00e7lerle zaten kendileri hangi yanl\u0131 olduklar\u0131n\u0131 a\u00e7\u0131k\u00e7a ortaya koyuyorlar. T\u0130P&#8217;in, TS\u0130P&#8217;in Sovyetler Birli\u011fi yanl\u0131s\u0131 oldu\u011fu kendi deme\u00e7lerinde ve kendi yaz\u0131lar\u0131nda vard\u0131r. Her \u015feyi a\u00e7\u0131k\u00e7a ortaya koymakta yarar var. Sosyalist Devrim Partisi&#8217;nin sosyalizmi bilimin de\u011fi\u015fmez ve evrensel kurallar\u0131na dayal\u0131 yerli bir sosyalizm olacakt\u0131r.<br><br>Sosyalizmde ba\u011f\u0131ms\u0131zl\u0131k vazge\u00e7ilmez esast\u0131r. Biz \u201cNe Amerikan ne k\u00f6leli\u011fi, Ne Sovyetler Birli\u011fi, Ne \u00c7in peykli\u011fi\u201d diye ba\u011f\u0131ms\u0131zl\u0131k anlay\u0131\u015f\u0131m\u0131z\u0131 a\u00e7\u0131k\u00e7a ortaya koymaktay\u0131z. Bununla, t\u00fcm \u00fclkelerle ili\u015fkilerimizin kesilece\u011fi anlam\u0131 \u00e7\u0131kmaz elbet. Kimi \u00fclkelerle ekonomik ili\u015fkilerimiz, politik ili\u015fkilerimiz, ticari ili\u015fkilerimiz s\u00fcrd\u00fcr\u00fclecektir. Ama biz, uluslar aras\u0131 ili\u015fkileri bir b\u00fcy\u00fck devletin uydusu olmak gibi anlam\u0131yoruz. Biz uluslar aras\u0131 ili\u015fkilerde emperyalist g\u00fc\u00e7lerin emellerine hizmet eden devlet olmak istemiyoruz. Bizim ba\u011f\u0131ms\u0131zl\u0131k anlay\u0131\u015f\u0131m\u0131z budur. Bizim anlay\u0131\u015f\u0131m\u0131zda Amerikan\u0131n kuca\u011f\u0131na oturmak yoktur. Bunun gibi, Amerikan\u0131n kuca\u011f\u0131ndan kalk\u0131p Sovyetler Birli\u011finin kuca\u011f\u0131na ya da \u00c7in&#8217;in kuca\u011f\u0131na oturmak yoktur. Her \u015feyi bu kadar a\u00e7\u0131kl\u0131kla s\u00f6yl\u00fcyoruz.<br><br>Evet, tek kurtulu\u015f yolu sosyalizmdir, ba\u015fkas\u0131 yok. Ama hangi sosyalizm? Sadece bir ekonomik b\u00fcy\u00fcmeden ibaret g\u00f6r\u00fclen sosyalizm mi? Ve bu ekonomik b\u00fcy\u00fcmeyi sa\u011flamak i\u00e7in insanlar\u0131, \u00fcretimi art\u0131racak bir makine par\u00e7as\u0131 haline getirmek isteyen sosyalizm mi? T\u00fcm \u00fcretim ara\u00e7lar\u0131n\u0131 devletle\u015ftirmekle sosyalizm bitmez. Elbet geri kalm\u0131\u015f \u00fclkeler i\u00e7in en \u00f6nemli kalk\u0131nma, en do\u011fru kalk\u0131nma modeli sosyalizmdir. Ama e\u011fer insanlar sosyalizm i\u00e7inde yeteneklerini sonun a kadar geli\u015ftirebilecekleri, \u00f6zg\u00fcrl\u00fckleri sonuna kadar kullanabilecekleri bir ortam bulam\u0131yorlarsa bunun ad\u0131 sosyalizm olmaz. Ve sosyalizmde e\u011fer devletle\u015ftirilmi\u015f \u00fcretim ara\u00e7lar\u0131n\u0131n nas\u0131l kullan\u0131laca\u011f\u0131na bir avu\u00e7 b\u00fcrokrat karar veriyorsa, ayr\u0131ca i\u015f\u00e7ilerin, emek\u00e7ilerin \u00e7al\u0131\u015fma ko\u015fullar\u0131na sadece bir avu\u00e7 b\u00fcrokrat karar veriyorsa ve yine, i\u015f\u00e7ilerin aratt\u0131\u011f\u0131 art\u0131 de\u011ferin nas\u0131l kullan\u0131laca\u011f\u0131na dair, yurt i\u00e7inde ve yurt d\u0131\u015f\u0131nda, bir avu\u00e7 b\u00fcrokrat karar veriyorsa bunun ad\u0131 sosyalizm olamaz. Bun uygulayan \u00fclkeler de, o \u00fclkeleri taklit eden T\u0130P de TS\u0130P de TKP de sosyalizmi sapt\u0131ran partilerdir. Yanl\u0131\u015f g\u00f6steren partilerdir. Halk\u0131m\u0131za yanl\u0131\u015f g\u00f6sterilmesi i\u00e7in yard\u0131mc\u0131 olan partilerdir.<br><br>Hangi yoldan olursa olsun, bilime g\u00f6re sosyalizm, i\u015f\u00e7i s\u0131n\u0131f\u0131n\u0131n ba\u015f\u0131n\u0131 \u00e7ekti\u011fi emek\u00e7i kitle hareketidir. Bunun d\u0131\u015f\u0131nda bir avu\u00e7 ayd\u0131n\u0131n, bir avu\u00e7 k\u00fc\u00e7\u00fck burjuva k\u00f6kenli ki\u015filerin yapt\u0131klar\u0131 hi\u00e7bir harekete devrimci hareket g\u00f6z\u00fcyle bakm\u0131yoruz. Nas\u0131l, \u00fclkemizin devrimci hareketini \u00c7in&#8217;in kuyru\u011funa, Sovyetler Birli\u011fi&#8217;nin kuyru\u011funa takmak isteyenlere kar\u015f\u0131ysak, onlarla m\u00fccadeleye nas\u0131l kararl\u0131ysak; eline silah\u0131 al\u0131p devrim yapaca\u011f\u0131m diye sokaklara d\u00f6k\u00fclen, halktan kopuk gruplara da kar\u015f\u0131y\u0131z. Bunlarla da m\u00fccadele edece\u011fiz.<br><br>B\u00fct\u00fcn bu ayr\u0131l\u0131klara kar\u015f\u0131n, sol birle\u015fmelidir diye birtak\u0131m g\u00f6r\u00fc\u015fler var. Elbette sol mutlaka birle\u015fmelidir. Solun birle\u015fmemesi emperyalizme, fa\u015fizme, kapitalizme yar\u0131yor. Sol mutlaka birle\u015fmelidir. Ama bunca ayr\u0131l\u0131klar\u0131 olan solun nerede birle\u015fece\u011fini sormak gerekir. Sol, T\u00fcrkiye&#8217;de devrimci hareketimizi \u00c7in&#8217;in kuyru\u011funa takanlarla m\u0131 birle\u015fecek? O safta m\u0131 birle\u015fecek? Sovyetler Birli\u011fi&#8217;nde, ona s\u0131\u011f\u0131nmakta kurtulu\u015f umanlarla m\u0131 birle\u015fecek? \u00d6nce buna cevap vermek gerekir. Biz, ba\u011f\u0131ms\u0131zl\u0131\u011f\u0131m\u0131za s\u0131k\u0131 s\u0131k\u0131ya ba\u011fl\u0131 bir parti olarak diyoruz ki, Moskovac\u0131lar birbirleriyle birle\u015febilirler. \u00c7in yanl\u0131lar\u0131 birbirleriyle birle\u015febilirler. Hatta ge\u00e7 bile kald\u0131lar. Ama onlar bu kafada kald\u0131k\u00e7a biz bu gruplardan hi\u00e7biriyle birle\u015femeyiz. Tabii sol, sonuna kadar b\u00f6l\u00fck p\u00f6r\u00e7\u00fck kalmayacak. Ba\u011f\u0131ms\u0131zl\u0131\u011f\u0131na titizlikle sar\u0131lan ve sosyalizmi sadece bir ekonomik b\u00fcy\u00fcmeden ibaret de\u011fil, insan sevgisiyle donanm\u0131\u015f, insana ger\u00e7ekten mutluluk getirecek bir sistem olarak g\u00f6ren i\u015f\u00e7iler, k\u00f6yl\u00fcler, emek\u00e7iler, ayd\u0131nlar Sosyalist Devrim Partisi&#8217;nde birle\u015fecekler. Ve di\u011fer yandakileri sipsivri ortada b\u0131rakacaklar.<br><br>Her \u015feyi a\u00e7\u0131k a\u00e7\u0131k anlatt\u0131m. Kime anlatt\u0131m? \u0130\u015f\u00e7iye, k\u00f6yl\u00fcye, zanaatkara, odac\u0131ya, kap\u0131c\u0131ya, hizmet\u00e7iye anlatt\u0131m. Fabrikat\u00f6re, b\u00fcy\u00fck \u00e7iftlik sahibine, sermaye sahiplerine niye anlatay\u0131m. Onlar sosyalizmden, azrailden korkar gibi ka\u00e7arlar. Onlar Sosyalist Devrim Partisi&#8217;ne gelirler mi, gelebilirler mi? Ama sen onlar\u0131n partisine gidersin, onlara oy verirsin ve ba\u015f\u0131m\u0131za bela edersin. Biliyorum, b\u00fct\u00fcn bu s\u0131k\u0131nt\u0131lar\u0131 \u00e7eken sanki sen de\u011filmi\u015fsin gibi, a\u00e7l\u0131\u011f\u0131 sefaleti \u00e7eken sen de\u011filmi\u015fsin gibi gene gidip onlar\u0131n partilerine oy vereceksin.<br><br>Baz\u0131lar\u0131n\u0131z, \u201cSosyalist Devrim Partisi do\u011fru s\u00f6yl\u00fcyor ama k\u00fc\u00e7\u00fck bir parti\u201d diyeceklerdir. \u201cOyumuz ziyan olacak\u201d diyeceklerdir. Onlar b\u00fcy\u00fcm\u00fc\u015fler de ne olmu\u015f? Yalan\u0131n b\u00fcy\u00fcmesi olmu\u015f, y\u0131lan\u0131n b\u00fcy\u00fcmesi olmu\u015f, belan\u0131n b\u00fcy\u00fcmesi olmu\u015f. Kim b\u00fcy\u00fctt\u00fc onlar\u0131? Gene sen b\u00fcy\u00fctt\u00fcn. Yalan laflar\u0131na kan\u0131p alk\u0131\u015flayan sensin. S\u0131rt\u0131nda, ya\u011f tulumu gibi g\u00f6vdelerini dola\u015ft\u0131ran sensin. Mahallende, kahvende onlar i\u00e7in kavga eden sensin. Yok arkada\u015f, b\u00f6yle olmaz. Bir yandan birine do\u011fru diyeceksin, \u00f6b\u00fcr\u00fcne arka \u00e7\u0131kacaks\u0131n. \u0130nsanl\u0131k de\u011fil bu. K\u0131z\u0131n, dar\u0131l\u0131n, g\u00fccenin&#8230; Do\u011fruluk de\u011fil bu. Hep bir araya toplanaca\u011f\u0131z. M\u00fccadelemizi hep birlikte verece\u011fiz..<\/td><\/tr><tr><td>&nbsp;<\/td><\/tr><\/tbody><\/table><\/figure>\n","protected":false},"excerpt":{"rendered":"<p>\u00a0 14 Ekim 1979&#8217;da Senato se\u00e7imleri dolay\u0131s\u0131yla, Sosyalist Devrim Partisi Genel Ba\u015fkan\u0131 olarak televizyonda yapt\u0131\u011f\u0131 ilk konu\u015fma. \u0130\u015f\u00e7iler, K\u00f6yl\u00fcler, Emek\u00e7iler! Arkada\u015flar\u0131m, Her parti \u201coyunu bana ver, T\u00fcrkiye&#8217;yi ben kurtaraca\u011f\u0131m\u201d dedi\u011fine g\u00f6re, T\u00fcrkiye zor durumda. T\u00fcrkiye&#8217;nin zor durumda oldu\u011fu do\u011fru ama, neden bu duruma geldik? Bunu hi\u00e7 kimse s\u00f6ylemiyor. \u00dclkemiz bu duruma 200 y\u0131ldan beri uygulanan [&hellip;]<\/p>\n","protected":false},"author":1,"featured_media":0,"parent":0,"menu_order":0,"comment_status":"closed","ping_status":"closed","template":"","meta":[],"_links":{"self":[{"href":"https:\/\/cenanbicakci.net\/index.php?rest_route=\/wp\/v2\/pages\/53"}],"collection":[{"href":"https:\/\/cenanbicakci.net\/index.php?rest_route=\/wp\/v2\/pages"}],"about":[{"href":"https:\/\/cenanbicakci.net\/index.php?rest_route=\/wp\/v2\/types\/page"}],"author":[{"embeddable":true,"href":"https:\/\/cenanbicakci.net\/index.php?rest_route=\/wp\/v2\/users\/1"}],"replies":[{"embeddable":true,"href":"https:\/\/cenanbicakci.net\/index.php?rest_route=%2Fwp%2Fv2%2Fcomments&post=53"}],"version-history":[{"count":1,"href":"https:\/\/cenanbicakci.net\/index.php?rest_route=\/wp\/v2\/pages\/53\/revisions"}],"predecessor-version":[{"id":54,"href":"https:\/\/cenanbicakci.net\/index.php?rest_route=\/wp\/v2\/pages\/53\/revisions\/54"}],"wp:attachment":[{"href":"https:\/\/cenanbicakci.net\/index.php?rest_route=%2Fwp%2Fv2%2Fmedia&parent=53"}],"curies":[{"name":"wp","href":"https:\/\/api.w.org\/{rel}","templated":true}]}}