{"id":31,"date":"2024-10-24T10:19:30","date_gmt":"2024-10-24T10:19:30","guid":{"rendered":"https:\/\/cenanbicakci.net\/?page_id=31"},"modified":"2024-10-27T11:06:44","modified_gmt":"2024-10-27T11:06:44","slug":"fotograf-video","status":"publish","type":"page","link":"https:\/\/cenanbicakci.net\/?page_id=31","title":{"rendered":"Foto\u011fraf \/ Video"},"content":{"rendered":"\n<figure class=\"wp-block-embed is-type-video is-provider-youtube wp-block-embed-youtube wp-embed-aspect-16-9 wp-has-aspect-ratio\"><div class=\"wp-block-embed__wrapper\">\n<iframe loading=\"lazy\" title=\"T\u00fcrkiye \u0130\u015f\u00e7i S\u0131n\u0131f\u0131 Tarihinden An\u0131lar Cenan B\u0131\u00e7ak\u00e7\u0131 18 Mart 1989\" width=\"580\" height=\"326\" src=\"https:\/\/www.youtube.com\/embed\/fszXBYufil8?feature=oembed\" frameborder=\"0\" allow=\"accelerometer; autoplay; clipboard-write; encrypted-media; gyroscope; picture-in-picture; web-share\" referrerpolicy=\"strict-origin-when-cross-origin\" allowfullscreen><\/iframe>\n<\/div><\/figure>\n\n\n\n<figure class=\"wp-block-gallery columns-3 is-cropped\"><ul class=\"blocks-gallery-grid\"><li class=\"blocks-gallery-item\"><figure><img loading=\"lazy\" width=\"768\" height=\"1024\" src=\"https:\/\/cenanbicakci.net\/wp-content\/uploads\/2024\/10\/cb-2-768x1024.jpg\" alt=\"\" data-id=\"107\" data-link=\"https:\/\/cenanbicakci.net\/?attachment_id=107\" class=\"wp-image-107\" srcset=\"https:\/\/cenanbicakci.net\/wp-content\/uploads\/2024\/10\/cb-2-768x1024.jpg 768w, https:\/\/cenanbicakci.net\/wp-content\/uploads\/2024\/10\/cb-2-225x300.jpg 225w, https:\/\/cenanbicakci.net\/wp-content\/uploads\/2024\/10\/cb-2-1152x1536.jpg 1152w, https:\/\/cenanbicakci.net\/wp-content\/uploads\/2024\/10\/cb-2-1200x1600.jpg 1200w, https:\/\/cenanbicakci.net\/wp-content\/uploads\/2024\/10\/cb-2.jpg 1440w\" sizes=\"(max-width: 768px) 100vw, 768px\" \/><\/figure><\/li><li class=\"blocks-gallery-item\"><figure><img loading=\"lazy\" width=\"266\" height=\"290\" src=\"http:\/\/cenanbicakci.net\/wp-content\/uploads\/2024\/10\/cb.jpg\" alt=\"\" data-id=\"14\" data-link=\"https:\/\/cenanbicakci.net\/?attachment_id=14\" class=\"wp-image-14\"\/><\/figure><\/li><li class=\"blocks-gallery-item\"><figure><img loading=\"lazy\" width=\"250\" height=\"310\" src=\"https:\/\/cenanbicakci.net\/wp-content\/uploads\/2024\/10\/cenan-bicakci.jpg\" alt=\"\" data-id=\"185\" data-full-url=\"https:\/\/cenanbicakci.net\/wp-content\/uploads\/2024\/10\/cenan-bicakci.jpg\" data-link=\"https:\/\/cenanbicakci.net\/?attachment_id=185\" class=\"wp-image-185\" srcset=\"https:\/\/cenanbicakci.net\/wp-content\/uploads\/2024\/10\/cenan-bicakci.jpg 250w, https:\/\/cenanbicakci.net\/wp-content\/uploads\/2024\/10\/cenan-bicakci-242x300.jpg 242w\" sizes=\"(max-width: 250px) 100vw, 250px\" \/><\/figure><\/li><\/ul><\/figure>\n\n\n\n<figure class=\"wp-block-image size-large\"><img loading=\"lazy\" width=\"1024\" height=\"764\" src=\"https:\/\/cenanbicakci.net\/wp-content\/uploads\/2024\/10\/cb2-1024x764.jpg\" alt=\"\" class=\"wp-image-187\" srcset=\"https:\/\/cenanbicakci.net\/wp-content\/uploads\/2024\/10\/cb2-1024x764.jpg 1024w, https:\/\/cenanbicakci.net\/wp-content\/uploads\/2024\/10\/cb2-300x224.jpg 300w, https:\/\/cenanbicakci.net\/wp-content\/uploads\/2024\/10\/cb2-768x573.jpg 768w, https:\/\/cenanbicakci.net\/wp-content\/uploads\/2024\/10\/cb2-1536x1146.jpg 1536w, https:\/\/cenanbicakci.net\/wp-content\/uploads\/2024\/10\/cb2-1200x895.jpg 1200w, https:\/\/cenanbicakci.net\/wp-content\/uploads\/2024\/10\/cb2.jpg 1920w\" sizes=\"(max-width: 1024px) 100vw, 1024px\" \/><\/figure>\n","protected":false},"excerpt":{"rendered":"","protected":false},"author":1,"featured_media":0,"parent":0,"menu_order":0,"comment_status":"closed","ping_status":"closed","template":"","meta":[],"_links":{"self":[{"href":"https:\/\/cenanbicakci.net\/index.php?rest_route=\/wp\/v2\/pages\/31"}],"collection":[{"href":"https:\/\/cenanbicakci.net\/index.php?rest_route=\/wp\/v2\/pages"}],"about":[{"href":"https:\/\/cenanbicakci.net\/index.php?rest_route=\/wp\/v2\/types\/page"}],"author":[{"embeddable":true,"href":"https:\/\/cenanbicakci.net\/index.php?rest_route=\/wp\/v2\/users\/1"}],"replies":[{"embeddable":true,"href":"https:\/\/cenanbicakci.net\/index.php?rest_route=%2Fwp%2Fv2%2Fcomments&post=31"}],"version-history":[{"count":7,"href":"https:\/\/cenanbicakci.net\/index.php?rest_route=\/wp\/v2\/pages\/31\/revisions"}],"predecessor-version":[{"id":188,"href":"https:\/\/cenanbicakci.net\/index.php?rest_route=\/wp\/v2\/pages\/31\/revisions\/188"}],"wp:attachment":[{"href":"https:\/\/cenanbicakci.net\/index.php?rest_route=%2Fwp%2Fv2%2Fmedia&parent=31"}],"curies":[{"name":"wp","href":"https:\/\/api.w.org\/{rel}","templated":true}]}}